58766?
6
What is the millions digit of 438400125?
8
What is the units digit of 19117751?
1
What is the billions digit of 2524952244?
2
What is the hundreds digit of 193613395?
3
What is the thousands digit of 2075292150?
2
What is the ten thousands digit of 23153952?
5
What is the millions digit of 4695252?
4
What is the thousands digit of 170351410?
1
What is the thousands digit of 26729737?
9
What is the units digit of 390313774?
4
What is the hundreds digit of 107452266?
2
What is the ten millions digit of 2935819514?
3
What is the units digit of 99808140?
0
What is the ten millions digit of 74616931?
7
What is the ten thousands digit of 396287656?
8
What is the millions digit of 7239491?
7
What is the ten millions digit of 30498961?
3
What is the tens digit of 315490570?
7
What is the tens digit of 3080571862?
6
What is the millions digit of 3084036711?
4
What is the hundred millions digit of 120012018?
1
What is the billions digit of 1299454726?
1
What is the hundred thousands digit of 347705303?
7
What is the hundreds digit of 229602553?
5
What is the hundred thousands digit of 62996772?
9
What is the hundred thousands digit of 176159250?
1
What is the hundreds digit of 57568927?
9
What is the hundred millions digit of 1915373545?
9
What is the hundred thousands digit of 191465615?
4
What is the millions digit of 64412429?
4
What is the ten millions digit of 177188511?
7
What is the tens digit of 65347721?
2
What is the millions digit of 1777173263?
7
What is the ten thousands digit of 1224391143?
9
What is the hundred thousands digit of 101293976?
2
What is the ten thousands digit of 234437840?
3
What is the units digit of 172369470?
0
What is the hundred thousands digit of 413357712?
3
What is the hundred millions digit of 1457211947?
4
What is the ten thousands digit of 44328730?
2
What is the ten thousands digit of 2622581467?
8
What is the ten thousands digit of 30505929?
0
What is the hundred millions digit of 100540076?
1
What is the ten millions digit of 30806667?
3
What is the ten millions digit of 855593444?
5
What is the millions digit of 886378065?
6
What is the hundred thousands digit of 1858504604?
5
What is the units digit of 980389563?
3
What is the thousands digit of 72372781?
2
What is the tens digit of 160235578?
7
What is the millions digit of 199736168?
9
What is the units digit of 53024169?
9
What is the tens digit of 2800189?
8
What is the ten thousands digit of 50513415?
1
What is the units digit of 42044145?
5
What is the billions digit of 1297121678?
1
What is the hundred millions digit of 986817282?
9
What is the hundred thousands digit of 71814362?
8
What is the millions digit of 698914186?
8
What is the units digit of 164887290?
0
What is the units digit of 4363979574?
4
What is the hundred thousands digit of 6065744315?
7
What is the ten thousands digit of 95990027?
9
What is the ten millions digit of 13530253?
1
What is the ten millions digit of 54856902?
5
What is the tens digit of 63062519?
1
What is the ten millions digit of 102488726?
0
What is the hundreds digit of 136013805?
8
What is the tens digit of 1875292391?
9
What is the thousands digit of 156627315?
7
What is the ten thousands digit of 179856396?
5
What is the tens digit of 46771991?
9
What is the billions digit of 1741793398?
1
What is the tens digit of 200600391?
9
What is the hundred thousands digit of 3402050348?
0
What is the thousands digit of 435014903?
4
What is the millions digit of 177466511?
7
What is the units digit of 25345571?
1
What is the ten thousands digit of 22516297?
1
What is the ten millions digit of 980558850?
8
What is the hundred millions digit of 119689736?
1
What is the hundred thousands digit of 22158030?
1
What is the thousands digit of 7052934640?
4
What is the thousands digit of 29149049?
9
What is the hundreds digit of 21347812?
8
What is the hundreds digit of 1876288256?
2
What is the tens digit of 4142115?
1
What is the units digit of 2364241824?
4
What is the hundreds digit of 22321720?
7
What is the ten millions digit of 289703883?
8
What is the units digit of 359559301?
1
What is the hundred thousands digit of 399100133?
1
What is the hundreds digit of 4154038528?
5
What is the units digit of 2576647743?
3
What is the hundred thousands digit of 939887457?
8
What is the ten thousands digit of 564584365?
8
What is the thousands digit of 132711150?
1
What is the millions digit of 165283875?
5
What is the units digit of 163616492?
2
What is the millions digit of 45863260?
5
What is the thousands digit of 2133366489?
6
What is the billions digit of 4093336935?
4
What is the tens digit of 254905456?
5
What is the billions digit of 1178717017?
1
What is the ten millions digit of 5053229545?
5
What is the units digit of 465208285?
5
What is the hundred thousands digit of 7112712644?
7
What is the thousands digit of 6297859?
7
What is the hundreds digit of 2520592?
5
What is the hundreds digit of 87532131?
1
What is the hundred millions digit of 5346222172?
3
What is the hundreds digit of 959417130?
1
What is the units digit of 83347272?
2
What is the units digit of 752082695?
5
What is the billions digit of 1111168648?
1
What is the millions digit of 19790642?
9
What is the hundred thousands digit of 197184376?
1
What is the hundred thousands digit of 32581570?
5
What is the hundred millions digit of 372237713?
3
What is the millions digit of 1348057703?
8
What is the thousands digit of 239583?
9
What is the thousands digit of 4948266256?
6
What is the ten millions digit of 529673000?
2
What is the hundred thousands digit of 212647876?
6
What is the thousands digit of 1538771951?
1
What is the hundred thousands digit of 31300424?
3
What is the tens digit of 518001807?
0
What is the units digit of 177408988?
8
What is the hundred thousands digit of 16330905?
3
What is the millions digit of 779331802?
9
What is the units digit of 84362402?
2
What is the tens digit of 554333214?
1
What is the hundred thousands digit of 225285919?
2
What is the units digit of 258074?
4
What is the ten millions digit of 981278134?
8
What is the millions digit of 418195515?
8
What is the hundreds digit of 4262421214?
2
What is the hundred thousands digit of 1745135976?
1
What is the units digit of 2111897849?
9
What is the ten millions digit of 105026746?
0
What is the units digit of 80976614?
4
What is the ten millions digit of 26225031?
2
What is the units digit of 130894180?
0
What is the hundred millions digit of 348569635?
3
What is the ten millions digit of 36664612?
3
What is the millions digit of 343034535?
3
What is the hundreds digit of 851517141?
1
What is the hundreds digit of 103812090?
0
What is the thousands digit of 51046915?
6
What is the hundreds digit of 107508572?
5
What is the thousands digit of 117113159?
3
What is the units digit of 91018063?
3
What is the ten millions digit of 422135478?
2
What is the hundreds digit of 310082995?
9
What is the hundred millions digit of 929917482?
9
What is the hundred thousands digit of 64113841?
1
What is the billions digit of 1336743146?
1
What is the millions digit of 1671131112?
1
What is the billions digit of 3580372830?
3
What is the ten thousands digit of 2313974169?
7
What is the ten thousands digit of 201460858?
6
What is the millions digit of 853734426?
3
What is the hundreds digit of 287646506?
5
What is the ten millions digit of 735787876?
3
What is the hundreds digit of 43737090?
0
What is the units digit of 24709065?
5
What is the tens digit of 58097573?
7
What is the units digit of 35067459?
9
What is the units digit of 8816904909?
9
What is the hundred thousands digit of 573872662?
8
What is the hundred millions digit of 222583034?
2
What is the hundred thousands digit of 19254058?
2
What is the hundred thousands digit of 18554656?
5
What is the ten millions digit of 56297570?
5
What is the hundreds digit of 1023519303?
3
What is the hundreds digit of 194341626?
6
What is the millions digit of 1778726991?
8
What is the thousands digit of 80290882?
0
What is the hundreds digit of 156501474?
4
What is the units digit of 60287396?
6
What is the tens digit of 2731682167?
6
What is the tens digit of 490015096?
9
What is the units digit of 141441556?
6
What is the t